s the tens digit of d?
0
What is the thousands digit of 1 + (-82991)/(-7) - 10/(-141 - -71)?
1
Let w = 2 + 25. Suppose w*l - 240 = 22*l. Let r = 84 - l. What is the tens digit of r?
3
What is the thousands digit of 86339 + 33/(-88)*-8?
6
Let y(s) = s**3 - 15*s**2 - 16*s + 8. Let o be y(16). What is the tens digit of 34*(-4 + 316/o)?
0
Suppose -n + 2*d = -231 - 309, 0 = -5*n - 4*d + 2644. Suppose -q + n = -14*a + 17*a, a = -3*q + 188. What is the units digit of a?
6
Suppose -918687 = -94*i - 137*i. What is the tens digit of i?
7
Let b be (2/6)/((-34)/(-306)). Suppose -3*l + 4*y = -7*l + 1520, 2*l - 762 = -b*y. What is the units digit of l?
8
Let j(t) be the third derivative of -t**4/4 + 26*t**3/3 - 15*t**2. Let i(y) = 3*y - 26. Let n(v) = -5*i(v) - 2*j(v). What is the units digit of n(-8)?
0
Let v(m) = -2*m**3 - 310*m**2 - 538*m - 175. What is the ten thousands digit of v(-154)?
3
Let i(h) = -78*h**3 + h**2 - 1. Suppose l = 8 - 7. Let c(y) = -y**2 + 2*y - 2. Let x be c(l). What is the units digit of i(x)?
8
Suppose -4*g - 6*g + 40 = 0. Let t = 6 - 2. Suppose -u = g*y - 18, -72 = -0*u - 2*u + t*y. What is the units digit of u?
0
Let l(i) = -13 + 66 - 16*i + 68 + i**2. What is the units digit of l(-33)?
8
Let s(t) be the second derivative of -13*t**3/6 + 291*t**2/2 - 291*t. What is the units digit of s(-11)?
4
Suppose 1202 = 2*l + 2*f, -f - 6 + 3 = 0. Suppose -l = j + 3*j. Let r = 253 + j. What is the hundreds digit of r?
1
Let z(s) = s**3 + 53*s**2 - 111*s - 1006. What is the ten thousands digit of z(-50)?
1
Suppose 6*v - 10684 = -1804. Suppose 0 = 23*y - 21*y - v. What is the tens digit of y?
4
Let f = -972 - -972. Let c be 18/4 - (-2)/4. Suppose f = -10*v + c*v + 90. What is the units digit of v?
8
Let j(p) = 29*p**3 + 6*p**2 - 23*p - 11. What is the hundreds digit of j(3)?
7
Suppose 5*f + 34*o - 337394 = 38*o, -202440 = -3*f + 2*o. What is the thousands digit of f?
7
Let a(v) = -13*v - 432. Let o be a(-60). Let w = 17 - 9. Suppose 4*t - o = -w*t. What is the tens digit of t?
2
Suppose -338 - 61 = -57*y. Let g(z) = -16 - 33 + 10*z + 2. What is the tens digit of g(y)?
2
Let u(k) = -k**2 - 23*k + 78. Let j be u(-26). Suppose j = 2*b + 4*w - 1096, 13*b = 17*b + 2*w - 2168. What is the tens digit of b?
4
Let i(x) = -990*x - 8039. What is the units digit of i(-87)?
1
Let u(k) = -7*k**3 - 11*k**2 + 5*k - 10. Let f be u(-5). Suppose 447 = 4*l + h, f = 4*l + l - 5*h. What is the tens digit of l?
1
Suppose 48 = -2*z - z. Let d(s) = -6*s**2 - 12*s + 22. Let u(f) = 7*f**2 + 11*f - 23. Let q(g) = 6*d(g) + 5*u(g). What is the units digit of q(z)?
3
Suppose 27 - 137 = -10*z. Suppose s = -4 + z. Let y(c) = c**3 - 7*c**2 + 8*c + 12. What is the tens digit of y(s)?
6
Suppose -3*h - 2089 = -5*i + 264, 1 = -h. Suppose i = 6*p - p. Let f = p - 69. What is the units digit of f?
5
Let a = 173 - 112. Suppose 2*q + 281 = n, 1081 + a = 4*n + q. What is the hundreds digit of n?
2
Let x(s) = -56*s**3 - 23*s**2 + 8*s + 11. What is the hundreds digit of x(-4)?
1
Let d(u) = 138*u + 319. What is the thousands digit of d(27)?
4
Let i = -162 + 156. What is the units digit of (-20)/18*i*3456/80?
8
Suppose 5*z + 3*j = 6137, 3*z - 905 = -3*j + 2782. Suppose 4*w - 11*w = -z. Suppose 0 = a - v - 57, 2*a = -a + 5*v + w. What is the tens digit of a?
5
Let z(y) = -3*y**2 - 686*y + 1614. What is the ten thousands digit of z(-137)?
3
Let v = -13 + 11. Let s be (-3 - 3)/(-3) - v. Suppose -15*f = -s*f - 1947. What is the units digit of f?
7
Let c = 4967 - -47576. What is the thousands digit of c?
2
Suppose x + 20 = 3*f + 93, x - 68 = -2*f. Suppose 4*r - 694 = -x. What is the units digit of r?
6
Let p(a) = 5*a**2 + a - 6. Let k(j) = 3*j - 16. Let b be k(6). Suppose b*v = 10 + 2. What is the hundreds digit of p(v)?
1
Suppose 34*i + 26*i - 21000 = 0. What is the hundreds digit of i?
3
Suppose -6*d + 5*i = -4*d + 50, -3*i + 87 = -5*d. Let o be 8/(-10)*4/(12/d). What is the tens digit of ((-36)/o)/3 - (0 + -20)?
1
Suppose -5*c = -4*c - 5. Suppose -2*s - 16 = 6*k - 10*k, -c*s + 5 = 5*k. Suppose -1 = o + 5*a, 0 = -2*o + 7*a - k*a + 54. What is the units digit of o?
9
Let s(r) = 33*r - 108. Let i(c) = 31*c - 107. Let y(p) = -3*i(p) + 2*s(p). What is the units digit of y(-8)?
1
Suppose 2*j = 16297 + 89469. What is the units digit of j?
3
Let c be (-4 - 0) + 488/61. Suppose 0 = c*i - 6*i + 1620. What is the units digit of i?
0
Suppose 88*g = 341*g - 8028449. What is the ten thousands digit of g?
3
Suppose -d - 5*b = -0*b - 23, 1 = -b. Let j be (2*d/16)/((-6)/12). Let y(a) = a**3 + 7*a**2 - 2*a - 1. What is the tens digit of y(j)?
1
Suppose 4*g + 10 = 40*f - 41*f, -5*g = 15. Let s(c) be the first derivative of 19*c**3/3 + c**2 + 1. What is the tens digit of s(f)?
8
Let n be (-2 - (-56)/(-5))*(-225)/10. Let r = 33 - -138. Let v = n - r. What is the tens digit of v?
2
Suppose -x + 6*h + 6834 = 0, 0 = -4*x - 2*h - 3962 + 31246. What is the hundreds digit of x?
8
Let y be 6 + -2 - (4 - -196)/2. Let o = y + 350. What is the hundreds digit of o?
2
Let z = -21 + 1. What is the tens digit of -2 + (1605/(-12))/(5/z)?
3
Suppose -509*d + 515*d = 137010. What is the tens digit of d?
3
Suppose -250*l + 245*l - 3*j + 26789 = 0, -3*l - 4*j = -16080. What is the units digit of l?
6
Suppose 16*f + 143154 = 86*f - 83926. What is the tens digit of f?
4
Let p = -210 + -97. Let c = -210 - p. What is the units digit of c?
7
Let k = -349 + 301. Let x = 668 + k. What is the hundreds digit of x?
6
Suppose 30*m + 1479 = 33*m. Let l = -210 + m. What is the tens digit of l?
8
Suppose 2*q = 4*k + 64 - 4, -5*q + k = -195. What is the tens digit of q/(-14)*(-42)/4?
3
Let c = -201 + 2498. Let w = c - 942. What is the units digit of w?
5
Suppose 4*g - 4*z = -332, z + 4*z - 333 = 4*g. Let s = g + 82. Suppose -3*y + 5*y - 412 = s. What is the hundreds digit of y?
2
Suppose 26*g = 42 + 10. Suppose -g*s = 2*j - 760, -j - 4*j - 2*s + 1891 = 0. What is the tens digit of j?
7
Let k(v) be the second derivative of 17*v**3/6 + v**2 + 4*v. Let u(r) = -2*r**2 - 8*r + 11. Let i be u(-5). What is the tens digit of k(i)?
1
What is the tens digit of (-56136)/80*(-5)/3*6?
1
What is the tens digit of 17/(170/267000) + (144/6)/6?
0
Let n be 1*((-182)/(-7) - 6). Suppose 5*w - n = 0, -39 - 1396 = -s + w. What is the hundreds digit of s?
4
Let l = -299 + 302. Suppose 5*i = -l*m + 3970, 0 = -5*i - 3*m + m + 3975. What is the units digit of i?
7
Suppose 4*l + 603*p = 608*p + 87786, -4*l - 2*p = -87800. What is the thousands digit of l?
1
Let f be 8/10 + (-42)/(-10). Suppose -f*v + 2*v + 15 = 0, 0 = 5*a - 3*v - 1995. What is the hundreds digit of a?
4
Let g = -110 + 122. Suppose -1464 = -g*h + 12144. Suppose 0 = 3*b - 3*m - 855, 4*b + 2*m - 4*m - h = 0. What is the tens digit of b?
8
Let c(d) = -19*d**2 - d. Let z be c(-3). Let s(m) = -m**3 + 11*m**2 + 15*m + 27. Let a be s(8). Let j = z + a. What is the hundreds digit of j?
1
Let b = -1274 + 780. Let g = b - -777. What is the hundreds digit of g?
2
Let k(i) = 2*i**2 - 8*i + 7. Let f(x) = -4*x**2 - 3*x - x**3 + 3 - 10*x - 11 + 19*x**2. Let y be f(14). What is the tens digit of k(y)?
3
Let b = -1042 - -2361. Let f = -897 + b. Let v = f + -291. What is the units digit of v?
1
What is the units digit of (2931/(-1))/(28/(3220/(-69)))?
5
Let w(m) = -541*m**3 + 3*m**2 + 20*m + 33. What is the units digit of w(-3)?
7
Let k = 10309 - -3037. What is the hundreds digit of k?
3
Suppose -2*v - 8 = -5*l, 0 = -4*l + 7*l + 4*v + 16. Suppose 0 = 2*o, l = 5*n + o - 0*o - 435. What is the units digit of n?
7
Let z be 28/(-21) - 1*(-12)/9. Suppose 173*d - 175*d + 2366 = z. What is the thousands digit of d?
1
Let h = -1530 + 2535. Suppose 48*k = 43*k + h. What is the hundreds digit of k?
2
Let b = 638 - 593. What is the hundreds digit of 9/b*-5 + 764?
7
Let n(i) = 5*i**2 + i - 40. Let k be n(6). Suppose -15*u + 10466 = k. What is the units digit of u?
8
Let i(s) = s**3 + 4*s**2 - 42*s + 30. Let v be i(-9). Suppose v*f = 227 + 3193. What is the hundreds digit of f?
1
Let f be (2 - 0) + 129/(-3). Let j = 43 + f. Let k(r) = 45*r - 5. What is the units digit of k(j)?
5
Let a = 93 - 31. Let t(q) = q**3 - 9*q**2 + 12*q - 17. Let d be t(7). Let m = a + d. What is the units digit of m?
1
Suppose 2*g + 2993 = 5*s, -205*s + 209*s